{"id":10,"date":"2020-03-09T14:33:21","date_gmt":"2020-03-09T14:33:21","guid":{"rendered":"http:\/\/localhost\/sydney\/?page_id=10"},"modified":"2021-07-08T09:06:57","modified_gmt":"2021-07-08T09:06:57","slug":"rrjetet","status":"publish","type":"page","link":"https:\/\/krgjsh.asig.gov.al\/?page_id=10","title":{"rendered":"Rrjetet"},"content":{"rendered":"\t\t<div data-elementor-type=\"wp-page\" data-elementor-id=\"10\" class=\"elementor elementor-10\" data-elementor-settings=\"[]\">\n\t\t\t\t\t\t<div class=\"elementor-inner\">\n\t\t\t\t\t\t\t<div class=\"elementor-section-wrap\">\n\t\t\t\t\t\t\t<section class=\"elementor-section elementor-top-section elementor-element elementor-element-6260281 elementor-section-boxed elementor-section-height-default elementor-section-height-default\" data-id=\"6260281\" data-element_type=\"section\">\n\t\t\t\t\t\t<div class=\"elementor-container elementor-column-gap-default\">\n\t\t\t\t\t\t\t<div class=\"elementor-row\">\n\t\t\t\t\t<div class=\"elementor-column elementor-col-100 elementor-top-column elementor-element elementor-element-4895bb6\" data-id=\"4895bb6\" data-element_type=\"column\">\n\t\t\t<div class=\"elementor-column-wrap elementor-element-populated\">\n\t\t\t\t\t\t\t<div class=\"elementor-widget-wrap\">\n\t\t\t\t\t\t<div class=\"elementor-element elementor-element-bfb0292 elementor-widget elementor-widget-spacer\" data-id=\"bfb0292\" data-element_type=\"widget\" data-widget_type=\"spacer.default\">\n\t\t\t\t<div class=\"elementor-widget-container\">\n\t\t\t\t\t<div class=\"elementor-spacer\">\n\t\t\t<div class=\"elementor-spacer-inner\"><\/div>\n\t\t<\/div>\n\t\t\t\t<\/div>\n\t\t\t\t<\/div>\n\t\t\t\t\t\t<\/div>\n\t\t\t\t\t<\/div>\n\t\t<\/div>\n\t\t\t\t\t\t\t\t<\/div>\n\t\t\t\t\t<\/div>\n\t\t<\/section>\n\t\t\t\t<section class=\"elementor-section elementor-top-section elementor-element elementor-element-d89bed5 elementor-section-boxed elementor-section-height-default elementor-section-height-default\" data-id=\"d89bed5\" data-element_type=\"section\">\n\t\t\t\t\t\t<div class=\"elementor-container elementor-column-gap-default\">\n\t\t\t\t\t\t\t<div class=\"elementor-row\">\n\t\t\t\t\t<div class=\"elementor-column elementor-col-100 elementor-top-column elementor-element elementor-element-3cb2b82\" data-id=\"3cb2b82\" data-element_type=\"column\">\n\t\t\t<div class=\"elementor-column-wrap elementor-element-populated\">\n\t\t\t\t\t\t\t<div class=\"elementor-widget-wrap\">\n\t\t\t\t\t\t<div class=\"elementor-element elementor-element-45ca454 elementor-invisible elementor-widget elementor-widget-heading\" data-id=\"45ca454\" data-element_type=\"widget\" data-settings=\"{&quot;_animation&quot;:&quot;fadeInRight&quot;}\" data-widget_type=\"heading.default\">\n\t\t\t\t<div class=\"elementor-widget-container\">\n\t\t\t<h1 class=\"elementor-heading-title elementor-size-default\">Rrjetet e KRGJSH<\/h1>\t\t<\/div>\n\t\t\t\t<\/div>\n\t\t\t\t<div class=\"elementor-element elementor-element-237bec1 elementor-widget elementor-widget-text-editor\" data-id=\"237bec1\" data-element_type=\"widget\" data-widget_type=\"text-editor.default\">\n\t\t\t\t<div class=\"elementor-widget-container\">\n\t\t\t\t\t<div class=\"elementor-text-editor elementor-clearfix\"><figure id=\"attachment_695\" aria-describedby=\"caption-attachment-695\" style=\"width: 279px\" class=\"wp-caption alignleft\"><a href=\"http:\/\/172.30.147.77\/sydney\/wp-content\/uploads\/2020\/03\/Rrjetet.png\"><img loading=\"lazy\" class=\"wp-image-695\" src=\"http:\/\/172.30.147.77\/sydney\/wp-content\/uploads\/2020\/03\/Rrjetet-300x287.png\" alt=\"\" width=\"279\" height=\"267\" srcset=\"https:\/\/krgjsh.asig.gov.al\/wp-content\/uploads\/2020\/03\/Rrjetet-300x287.png 300w, https:\/\/krgjsh.asig.gov.al\/wp-content\/uploads\/2020\/03\/Rrjetet-230x220.png 230w, https:\/\/krgjsh.asig.gov.al\/wp-content\/uploads\/2020\/03\/Rrjetet-350x335.png 350w, https:\/\/krgjsh.asig.gov.al\/wp-content\/uploads\/2020\/03\/Rrjetet.png 402w\" sizes=\"(max-width: 279px) 100vw, 279px\" \/><\/a><figcaption id=\"caption-attachment-695\" class=\"wp-caption-text\"><em><span style=\"text-decoration: underline;\">Grafika konceptuale n\u00eb nd\u00ebrtimin e KRGJSH<\/span><\/em><\/figcaption><\/figure>\n<p>Miratimi i ligjit nr. 72.2012, \u201cP\u00ebr Organizimin dhe Funksionimin e Infrastruktur\u00ebs Komb\u00ebtare t\u00eb Informacionit Gjeohap\u00ebsinor n\u00eb Republik\u00ebn e Shqip\u00ebris\u00eb\u201d i cili p\u00ebrafron Direktiv\u00ebn INSPIRE 2007\/2KE t\u00eb Parlamentit Evropian dhe K\u00ebshillit, si dhe krijimi i Autoritetit Shtet\u00ebror p\u00ebr Informacionin Gjeohap\u00ebsinor ASIG, si institucion p\u00ebrgjegj\u00ebs p\u00ebr implementimin e k\u00ebtij ligji, hodhi bazat ligjore dhe institucionale t\u00eb nevojshme&nbsp;p\u00ebr projektimin, nd\u00ebrtimin, mir\u00ebmbajtjen dhe p\u00ebrdit\u00ebsimin e Korniz\u00ebs Referuese Gjeodezike (KRGJSH).&nbsp;K\u00ebrkesat q\u00eb vendos Direktiva \u201dINSPIRE\u201d p\u00ebr definimin e gjeoinformacionit n\u00eb nj\u00eb referenc\u00eb hap\u00ebsinore Evropiane, referenc\u00eb e cila luan nj\u00eb rol bazik n\u00eb harmonizimin dhe interoperabilitetin q\u00eb&nbsp; lidhet me pozicionimin e informacionit, q\u00eb trajtohet n\u00eb 33 temat e tjera t\u00eb Direktiv\u00ebs, \u00ebsht\u00eb kthyer n\u00eb nj\u00eb prej angazhimeve kryesore t\u00eb ASIG. Nj\u00eb nga aktet e para n\u00ebnligjore t\u00eb iniciuara nga ASIG dhe t\u00eb miratuara nga qeveria shqiptare, n\u00eb funksion t\u00eb realizimit t\u00eb nj\u00eb reference gjeodezike moderne, me standarde evropiane, p\u00ebr t\u00eb gjith\u00eb p\u00ebrdoruesit e koordinatave gjeodezike n\u00eb Shqip\u00ebri ishte VKM nr. 669, dat\u00eb 7.8.2013 <em>\u201cP\u00ebr Miratimin e Rregullave p\u00ebr P\u00ebrcaktimin, Krijimin dhe Realizimin e Korniz\u00ebs Referuese Gjeodezike Shqiptare (KRGJSH), si metadat\u00eb\u201d,<\/em> e ndryshuar me VKM nr. 322, dat\u00eb 27.04.2016 dhe VKM nr. 359, dat\u00eb 29.05.2019. Ky vendim u pasua me miratimin e Udh\u00ebzuesit t\u00eb Ministrit t\u00eb Inovacionit &nbsp;me Nr.3, dat\u00eb 06.09.2013 <em>\u201cP\u00ebr p\u00ebrcaktimin e pikave gjeodezike me ndihm\u00ebn e Sistemeve Globale Satelitore t\u00eb Navigimit (GNSS)\u201d<\/em> dhe me p\u00ebrgatitjen e nj\u00eb standardi m\u00eb t\u00eb detajuar p\u00ebr tem\u00ebn <em>\u201cP\u00ebrcaktimi i korniz\u00ebs referuese gjeodezike dhe kontrolli gjeodezik\u201d<\/em>. Bazuar n\u00eb k\u00ebto akte, sektori p\u00ebrgjegj\u00ebs p\u00ebr KRGJSH,&nbsp;pran\u00eb ASIG, \u00ebsht\u00eb angazhuar n\u00eb nd\u00ebrtimin e rrjeteve n\u00eb p\u00ebrb\u00ebrje t\u00eb KRGJSH-s\u00eb, t\u00eb kombinuara midis tyre, t\u00eb cilat duhet t\u00eb ken\u00eb pika t\u00eb p\u00ebrbashk\u00ebta, me rrjetet gjeodezike ekzistuese n\u00eb Shqip\u00ebri dhe me rrjetet ekzistuese q\u00eb mbulojn\u00eb aktualisht territorin e kontinentit Evropian,&nbsp; p\u00ebr ti mund\u00ebsuar Shqip\u00ebris\u00eb krijimin e baz\u00ebs unike gjeodezike q\u00eb mb\u00ebshtetet totalisht n\u00eb teknologjin\u00eb GNSS p\u00ebr p\u00ebrcaktimin me efi\u00e7enc\u00eb t\u00eb pozicionit t\u00eb sakt\u00eb horizontal dhe vertikal t\u00eb pikave t\u00eb ndryshme n\u00eb sip\u00ebrfaqen e tok\u00ebs, mbi sip\u00ebrfaqe dhe n\u00ebn sip\u00ebrfaqen e saj. Baza unike gjeodezike e Republik\u00ebs s\u00eb Shqip\u00ebris\u00eb p\u00ebrfshin rrjetet e m\u00ebposhtme:<\/p>\n<ol>\n<li>Rrjetin Shtet\u00ebror t\u00eb Pozicionimit Global;<\/li>\n<li>Rrjetin Shtet\u00ebror Gravimetrik;<\/li>\n<li>Rrjetin Shtet\u00ebror t\u00eb Nivelimit;<\/li>\n<li>Rrjetin Shtet\u00ebror t\u00eb Mareograf\u00ebve;<\/li>\n<li>Rrjetin e Stacioneve Magnetometrike<\/li>\n<\/ol><\/div>\n\t\t\t\t<\/div>\n\t\t\t\t<\/div>\n\t\t\t\t\t\t<\/div>\n\t\t\t\t\t<\/div>\n\t\t<\/div>\n\t\t\t\t\t\t\t\t<\/div>\n\t\t\t\t\t<\/div>\n\t\t<\/section>\n\t\t\t\t<section class=\"elementor-section elementor-top-section elementor-element elementor-element-f468a6e elementor-section-boxed elementor-section-height-default elementor-section-height-default\" data-id=\"f468a6e\" data-element_type=\"section\">\n\t\t\t\t\t\t<div class=\"elementor-container elementor-column-gap-default\">\n\t\t\t\t\t\t\t<div class=\"elementor-row\">\n\t\t\t\t\t<div class=\"elementor-column elementor-col-100 elementor-top-column elementor-element elementor-element-e1e3451\" data-id=\"e1e3451\" data-element_type=\"column\">\n\t\t\t<div class=\"elementor-column-wrap elementor-element-populated\">\n\t\t\t\t\t\t\t<div class=\"elementor-widget-wrap\">\n\t\t\t\t\t\t<div class=\"elementor-element elementor-element-b2a4f91 elementor-arrows-position-inside elementor-pagination-position-outside elementor-invisible elementor-widget elementor-widget-image-carousel\" data-id=\"b2a4f91\" data-element_type=\"widget\" data-settings=\"{&quot;_animation&quot;:&quot;none&quot;,&quot;slides_to_show&quot;:&quot;3&quot;,&quot;slides_to_scroll&quot;:&quot;3&quot;,&quot;navigation&quot;:&quot;both&quot;,&quot;autoplay&quot;:&quot;yes&quot;,&quot;pause_on_hover&quot;:&quot;yes&quot;,&quot;pause_on_interaction&quot;:&quot;yes&quot;,&quot;autoplay_speed&quot;:5000,&quot;infinite&quot;:&quot;yes&quot;,&quot;speed&quot;:500}\" data-widget_type=\"image-carousel.default\">\n\t\t\t\t<div class=\"elementor-widget-container\">\n\t\t\t\t\t<div class=\"elementor-image-carousel-wrapper swiper-container\" dir=\"ltr\">\n\t\t\t<div class=\"elementor-image-carousel swiper-wrapper\">\n\t\t\t\t<div class=\"swiper-slide\"><a data-elementor-open-lightbox=\"yes\" data-elementor-lightbox-slideshow=\"b2a4f91\" data-elementor-lightbox-title=\"Rrjeti aktiv GNSS Albcors\" href=\"https:\/\/krgjsh.asig.gov.al\/wp-content\/uploads\/2021\/07\/Rrjeti-aktiv-GNSS-Albcors-1.jpg\"><figure class=\"swiper-slide-inner\"><img class=\"swiper-slide-image\" src=\"https:\/\/krgjsh.asig.gov.al\/wp-content\/uploads\/2021\/07\/Rrjeti-aktiv-GNSS-Albcors-1-211x300.jpg\" alt=\"Rrjeti aktiv GNSS Albcors\" \/><figcaption class=\"elementor-image-carousel-caption\">Rrjeti aktiv GNSS Albcors<\/figcaption><\/figure><\/a><\/div><div class=\"swiper-slide\"><a data-elementor-open-lightbox=\"yes\" data-elementor-lightbox-slideshow=\"b2a4f91\" data-elementor-lightbox-title=\"Rrjeti Gravimetrik\" href=\"https:\/\/krgjsh.asig.gov.al\/wp-content\/uploads\/2021\/07\/Rrjeti-Gravimetrik-1.jpg\"><figure class=\"swiper-slide-inner\"><img class=\"swiper-slide-image\" src=\"https:\/\/krgjsh.asig.gov.al\/wp-content\/uploads\/2021\/07\/Rrjeti-Gravimetrik-1-212x300.jpg\" alt=\"Rrjeti Gravimetrik\" \/><figcaption class=\"elementor-image-carousel-caption\">Rrjeti Gravimetrik<\/figcaption><\/figure><\/a><\/div><div class=\"swiper-slide\"><a data-elementor-open-lightbox=\"yes\" data-elementor-lightbox-slideshow=\"b2a4f91\" data-elementor-lightbox-title=\"Rrjeti i Nivelimit\" href=\"https:\/\/krgjsh.asig.gov.al\/wp-content\/uploads\/2021\/07\/Rrjeti-i-Nivelimit-1.jpg\"><figure class=\"swiper-slide-inner\"><img class=\"swiper-slide-image\" src=\"https:\/\/krgjsh.asig.gov.al\/wp-content\/uploads\/2021\/07\/Rrjeti-i-Nivelimit-1-213x300.jpg\" alt=\"Rrjeti i Nivelimit\" \/><figcaption class=\"elementor-image-carousel-caption\">Rrjeti i Nivelimit<\/figcaption><\/figure><\/a><\/div><div class=\"swiper-slide\"><a data-elementor-open-lightbox=\"yes\" data-elementor-lightbox-slideshow=\"b2a4f91\" data-elementor-lightbox-title=\"Rrjeti GNSS Aktiv dhe Pasiv\" href=\"https:\/\/krgjsh.asig.gov.al\/wp-content\/uploads\/2021\/07\/Rrjeti-GNSS-Aktiv-dhe-Pasiv.jpg\"><figure class=\"swiper-slide-inner\"><img class=\"swiper-slide-image\" src=\"https:\/\/krgjsh.asig.gov.al\/wp-content\/uploads\/2021\/07\/Rrjeti-GNSS-Aktiv-dhe-Pasiv-212x300.jpg\" alt=\"Rrjeti GNSS Aktiv dhe Pasiv\" \/><figcaption class=\"elementor-image-carousel-caption\">Rrjeti GNSS Aktiv dhe Pasiv<\/figcaption><\/figure><\/a><\/div><div class=\"swiper-slide\"><a data-elementor-open-lightbox=\"yes\" data-elementor-lightbox-slideshow=\"b2a4f91\" data-elementor-lightbox-title=\"Rrjeti Mareografik\" href=\"https:\/\/krgjsh.asig.gov.al\/wp-content\/uploads\/2021\/07\/Rrjeti-Mareografik-1.jpg\"><figure class=\"swiper-slide-inner\"><img class=\"swiper-slide-image\" src=\"https:\/\/krgjsh.asig.gov.al\/wp-content\/uploads\/2021\/07\/Rrjeti-Mareografik-1-212x300.jpg\" alt=\"Rrjeti Mareografik\" \/><figcaption class=\"elementor-image-carousel-caption\">Rrjeti Mareografik<\/figcaption><\/figure><\/a><\/div><div class=\"swiper-slide\"><a data-elementor-open-lightbox=\"yes\" data-elementor-lightbox-slideshow=\"b2a4f91\" data-elementor-lightbox-title=\"Rrjeti Magnetometrik\" href=\"https:\/\/krgjsh.asig.gov.al\/wp-content\/uploads\/2021\/07\/Rrjeti-Magnetometrik-1.jpg\"><figure class=\"swiper-slide-inner\"><img class=\"swiper-slide-image\" src=\"https:\/\/krgjsh.asig.gov.al\/wp-content\/uploads\/2021\/07\/Rrjeti-Magnetometrik-1-213x300.jpg\" alt=\"Rrjeti Magnetometrik\" \/><figcaption class=\"elementor-image-carousel-caption\">Rrjeti Magnetometrik<\/figcaption><\/figure><\/a><\/div>\t\t\t<\/div>\n\t\t\t\t\t\t\t\t\t\t\t\t<div class=\"swiper-pagination\"><\/div>\n\t\t\t\t\t\t\t\t\t\t\t\t\t<div class=\"elementor-swiper-button elementor-swiper-button-prev\">\n\t\t\t\t\t\t<i class=\"eicon-chevron-left\" aria-hidden=\"true\"><\/i>\n\t\t\t\t\t\t<span class=\"elementor-screen-only\">Previous<\/span>\n\t\t\t\t\t<\/div>\n\t\t\t\t\t<div class=\"elementor-swiper-button elementor-swiper-button-next\">\n\t\t\t\t\t\t<i class=\"eicon-chevron-right\" aria-hidden=\"true\"><\/i>\n\t\t\t\t\t\t<span class=\"elementor-screen-only\">Next<\/span>\n\t\t\t\t\t<\/div>\n\t\t\t\t\t\t\t\t\t<\/div>\n\t\t\t\t<\/div>\n\t\t\t\t<\/div>\n\t\t\t\t\t\t<\/div>\n\t\t\t\t\t<\/div>\n\t\t<\/div>\n\t\t\t\t\t\t\t\t<\/div>\n\t\t\t\t\t<\/div>\n\t\t<\/section>\n\t\t\t\t\t\t<\/div>\n\t\t\t\t\t\t<\/div>\n\t\t\t\t\t<\/div>\n\t\t","protected":false},"excerpt":{"rendered":"<p>Rrjetet e KRGJSH Miratimi i ligjit nr. 72.2012, \u201cP\u00ebr Organizimin dhe Funksionimin e Infrastruktur\u00ebs Komb\u00ebtare t\u00eb Informacionit Gjeohap\u00ebsinor n\u00eb Republik\u00ebn e Shqip\u00ebris\u00eb\u201d i cili p\u00ebrafron Direktiv\u00ebn INSPIRE 2007\/2KE t\u00eb Parlamentit Evropian dhe K\u00ebshillit, si dhe krijimi i Autoritetit Shtet\u00ebror p\u00ebr Informacionin Gjeohap\u00ebsinor ASIG, si institucion p\u00ebrgjegj\u00ebs p\u00ebr implementimin e k\u00ebtij ligji, hodhi bazat ligjore dhe [&hellip;]<\/p>\n","protected":false},"author":1,"featured_media":0,"parent":0,"menu_order":0,"comment_status":"closed","ping_status":"closed","template":"page-templates\/page_front-page.php","meta":[],"_links":{"self":[{"href":"https:\/\/krgjsh.asig.gov.al\/index.php?rest_route=\/wp\/v2\/pages\/10"}],"collection":[{"href":"https:\/\/krgjsh.asig.gov.al\/index.php?rest_route=\/wp\/v2\/pages"}],"about":[{"href":"https:\/\/krgjsh.asig.gov.al\/index.php?rest_route=\/wp\/v2\/types\/page"}],"author":[{"embeddable":true,"href":"https:\/\/krgjsh.asig.gov.al\/index.php?rest_route=\/wp\/v2\/users\/1"}],"replies":[{"embeddable":true,"href":"https:\/\/krgjsh.asig.gov.al\/index.php?rest_route=%2Fwp%2Fv2%2Fcomments&post=10"}],"version-history":[{"count":59,"href":"https:\/\/krgjsh.asig.gov.al\/index.php?rest_route=\/wp\/v2\/pages\/10\/revisions"}],"predecessor-version":[{"id":1704,"href":"https:\/\/krgjsh.asig.gov.al\/index.php?rest_route=\/wp\/v2\/pages\/10\/revisions\/1704"}],"wp:attachment":[{"href":"https:\/\/krgjsh.asig.gov.al\/index.php?rest_route=%2Fwp%2Fv2%2Fmedia&parent=10"}],"curies":[{"name":"wp","href":"https:\/\/api.w.org\/{rel}","templated":true}]}}